. Let v be (3 - 33/9) + 2/(-6). Give x(v).
-7
Suppose 0*f = 4*f. Let o(l) = 4*l**2 - 4*l - 9. Let d(v) = -9*v**2 + 9*v + 19. Let t(w) = -3*d(w) - 7*o(w). Determine t(f).
6
Let c(x) = -11*x - 5. Let j(s) = -6*s - 2. Suppose -z + 3*z = -8. Let f(o) = z*c(o) + 7*j(o). Let v = -2 + -2. Calculate f(v).
-2
Let v(l) = -2*l + 9. Suppose 2*f - 3*k = 18, 3*f + 2*k = -3*k + 8. Determine v(f).
-3
Let o be (-3)/8 - 38/(-16). Let p(s) = -s - 2*s + o*s + 2*s. Suppose 5*f + 2*d - 10 = f, -15 = -3*f + d. Give p(f).
4
Let p(n) = -n**3 + 25*n**2 - 47*n + 27. Let w be p(23). Let t(j) be the first derivative of -j**3/3 + 2*j**2 + j + 1. Give t(w).
1
Let v(y) = 5*y**2 + 3*y**2 - y**3 + 3 + 7*y**2 + 3*y - 18*y**2. Calculate v(-4).
7
Let m(a) be the first derivative of -a**4/24 + a**2/2 - 2. Let p(d) be the second derivative of m(d). Let o(f) = 5*f - 2. Let k be o(1). Give p(k).
-3
Suppose c - 2*x = 125, -2*x + 552 = 4*c + 82. Let s(y) = 119 - 5*y - c. Give s(1).
-5
Suppose 2*a + 13 = -1. Let g(t) = t**3 + 8*t**2 + 5*t - 6. Give g(a).
8
Let k(g) = 29*g**2 - 15*g + 13. Let w(i) = 14*i**2 - 7*i + 6. Let a(f) = -6*k(f) + 13*w(f). What is a(-1)?
9
Suppose 6*y + 30 = 12. Let l(t) = t**3 - 4*t - 1. Let m(d) = 2*d**3 - d**2 - 9*d - 2. Suppose 0 = -a + 5*a - 28. Let q(j) = a*l(j) - 3*m(j). Determine q(y).
2
Let b(w) = w. Let k(m) = 5*m. Let l(x) = -10*x + 1. Let d(r) = 9*k(r) + 4*l(r). Let f(y) = 4*b(y) - d(y). Suppose -4*s + 1 = g - 5*s, s = -4. Give f(g).
-1
Let f(j) be the third derivative of -j**4/12 - 5*j**3/6 + 5*j**2. Determine f(-5).
5
Suppose -k = -7*k + 24. Let a(w) = w**2 - 5*w. Calculate a(k).
-4
Let c(h) = -h**2 - 6*h + 1. Let a(s) = 2*s**2 + 6*s. Let n(r) = -2*a(r) - 3*c(r). Let l be ((-1)/(-1))/1 - -4. What is n(l)?
2
Let f(z) = z**3 - z + 1. Let s(l) = -l**3 - 4*l**2 - l - 6. Let k(o) = -2*f(o) - s(o). Let a = 49 + -32. Let g = -12 + a. What is k(g)?
-6
Let l(t) = -t - 11. Let x(u) = 4*u**2 + 4 - 3*u**3 - 5 - u + 0*u**3 + 2*u**3. Let i be x(3). Let c be (-10 - 0)/(i + -3). Determine l(c).
-6
Let s = 8 - 5. Let r(h) = -h**2 + 5*h - 2. Let x(b) = -b**2 + 5*b - 2. Let q(a) = -4*r(a) + 5*x(a). What is q(s)?
4
Suppose 4*y + 5*p = -24, p + 1 = 3*y - 0*p. Let o(j) = 11*j - 5. Let r(c) = -c**2 - 25*c + 11. Let u(a) = -9*o(a) - 4*r(a). Give u(y).
4
Let i = 7 + -2. Suppose 0 = -10*f + i*f. Let y(u) = u**2 + 0*u**2 + u + f*u. What is y(2)?
6
Let u(v) = -2*v**2 - 1. Suppose -22 = -5*p - d, 3*p - 2*d = 2*d + 27. Let k(z) = -2*z**2 - 1. Let n(i) = p*u(i) - 6*k(i). Determine n(-1).
3
Let b be -1 + 4 - 4 - -4. Let k(i) = -b*i + 8*i - i - 3*i. Give k(2).
2
Let l(a) = -4 + 3 - 3*a + 4 + 0*a. Let q = -4 + 7. Suppose 5*b - 28 = -4*n, -17 = -3*n - 2*b - q. Calculate l(n).
-3
Suppose -2*r = -r - 2. Suppose r = 2*o - 10. Let g(d) = d - 3. Give g(o).
3
Let k = 2 + -1. Let y(v) = -2 + 39*v + k - 38*v. Suppose -4*l = -6*i + i - 9, 0 = 3*l - 4*i - 6. Give y(l).
5
Suppose -b - 9 = -k, -6*k - 3*b - 17 = -8*k. Let r(c) = -c**3 + 10*c**2 + 2*c - 14. Give r(k).
6
Let s(k) = k**3 - 3*k + 2. Suppose 16 = -2*d - 2*x, -33 + 6 = 4*d + 3*x. Calculate s(d).
-16
Let l = 2 + 1. Let o(a) = -5*a**3 + l*a**2 + a**3 - 2*a**2 + 2*a**3 + 1 + 2*a. Determine o(-1).
2
Let j = 6 + -4. Let i(y) = -y**3 + 3*y**2 - y - 1. Let x be i(j). Let q(n) be the third derivative of -5*n**4/12 + n**3/6 + 4*n**2. Determine q(x).
-9
Suppose 4*l + 3*z = 16, 0 = 5*l - z - 3*z - 51. Let c(t) = -t + 7. What is c(l)?
0
Let n(w) be the second derivative of -w**3/3 - w**2 + 23*w. Calculate n(4).
-10
Let d(r) = -5*r**2 + r - 1. Suppose -1 = -4*m - b, 2*m + 2*b + 0*b + 4 = 0. Let i be d(m). Let v(p) = 0*p**2 + 0*p**2 - 4*p - p**3 - 6*p**2 + 1. What is v(i)?
-4
Let y(q) = -10*q + 5. Let c(h) = -7*h + 3. Let z(n) = 7*c(n) - 5*y(n). Give z(4).
0
Suppose -3*u + 5*i = 17, -u = -2*u + 5*i - 19. Let l(k) = 1 - 3*k**3 - k**2 + k**3 + 0*k**3. What is l(u)?
-2
Let a(q) = q**2 - 6*q - 10. Suppose 5 = 5*y - 0*y. Let t be 2 - -5*(y - 0). Determine a(t).
-3
Let w(j) = 9*j + 1 - 4 - 7. Let r(y) = 4*y - 5. Let o(c) = -13*r(c) + 6*w(c). What is o(-6)?
-7
Let w = 25 - 30. Let p(j) = -j**3 - 5*j**2 - 2*j - 4. Determine p(w).
6
Let l(i) = -i**3 + 2*i**2 - i + 2. Let k = 8 - 5. Suppose 5*g + k*f - 1 = 0, 5*g - 4*f - 22 = -0. Determine l(g).
0
Let w(q) = q - 9. Let a = 8 - 4. Suppose -2*u + u - 39 = -a*i, -i + 3 = 2*u. Let t be w(i). Let x(h) = -h**3 - h**2 - h - 12. Determine x(t).
-12
Let z(i) = -i - 4. Let l(c) = -6*c**2 - 13*c - 9. Let x(o) = -5*o**2 - 12*o - 8. Let p(m) = 4*l(m) - 5*x(m). Let b be p(-7). Determine z(b).
-1
Let b(q) = -q**2 + q - 2. Let a(s) = s - 9. Let m be a(9). Calculate b(m).
-2
Let k be 14/8 - 7/(-28). Let t(x) = k + 0 + 3*x - 2*x + 0*x. Let s be 2 + 0 + (-4 - -2). Determine t(s).
2
Let c be (-2 - -3)*(-4 + 3). Let d(p) be the second derivative of p**3/3 + p**2/2 + 6*p. What is d(c)?
-1
Let l(f) = 3*f + 11. Let h be l(-5). Let w(g) = 3*g**2 - g + 1. Let p be w(1). Let s(z) = -z - 4 + 0*z**2 + z**2 + p*z. Determine s(h).
4
Let c(o) = 4*o**2 + o. Suppose 16 - 12 = 4*x. Calculate c(x).
5
Let u(r) = r + 5. Suppose -11 = -5*j + 14. Let b(d) = d**3 - 5*d**2 - d + 7. Let c be b(j). Suppose h - l = c*l - 2, -4*l - 19 = 3*h. Determine u(h).
0
Let m(k) = k**3 - 6*k**2 + 5. Let t = -123 + 129. Determine m(t).
5
Let r(i) = -8*i**3 + i. Suppose -s = 5*u + 14, 2*s - 5*u = 4*s + 13. Calculate r(s).
-7
Let c(a) = -a**3 - 5*a**2 - 3*a. Let n = 18 - 15. Suppose -n*w - 3 = 3. What is c(w)?
-6
Let c(p) = p**2 + 3*p - 1. Let n(a) = 0 + 0 - 1. Let o(s) = -c(s) + 5*n(s). Suppose 3*v = -t, 4*t + v + 16 - 5 = 0. Calculate o(t).
-4
Let u(a) = -4*a + 0 + a**2 + 5 + 0*a. Suppose 5*b + 3 = t - 2, -15 = -3*t + 2*b. Suppose 0*d + 20 = t*d. What is u(d)?
5
Let s(z) be the first derivative of 2 - 1/2*z**2 - z. Let h(a) = a + 5. Let x be h(-7). What is s(x)?
1
Let q(l) = 5*l**2 - 2*l + 6. Let w(n) = 2*n**2 - n + 3. Let o(v) = -3*q(v) + 7*w(v). What is o(0)?
3
Let o(x) = x**3 - 8*x**2 + 5*x + 17. Let a be o(7). Let b(h) = -h**2 + h - 1. Give b(a).
-7
Let l(o) be the first derivative of -o**3/3 - 3*o**2 + 7. Give l(-5).
5
Let s(b) = 4*b**3 + 7*b**2 - b - 1. Let q(j) be the second derivative of j**5/20 + j**4/12 - j**3/6 - 7*j. Let v(x) = -3*q(x) + s(x). Calculate v(-3).
2
Let m be 76/(-20) - 5/25. Let l(b) = -b**3 - 6*b**2 - 5*b + 1. What is l(m)?
-11
Let i(v) = -v**2 - 4*v + 5. Let b = 14 - 19. What is i(b)?
0
Let y(q) = q**2 - 5*q - 11. Let d(p) = p**2 - 7*p + 5. Let f be d(5). Let w(k) = k**2 - 4*k - 10. Let n(j) = f*w(j) + 4*y(j). Calculate n(0).
6
Let f(h) be the second derivative of 3*h**5/4 - h**3/3 - h**2/2 - 8*h. What is f(-1)?
-14
Let f(m) = -m - 5. Suppose 0 = -3*p + p + 14. Let h(r) = -r**2 + 7*r + 6. Let u be h(p). Suppose -u + 26 = -4*c. Calculate f(c).
0
Let f(n) = 18 - 36 + 5*n + n**2 + 21. Determine f(-3).
-3
Let y(f) = -f**3 + 6*f**2 - 7*f + 7. Let t be (-27)/((-9)/6 + 0). Let c be (-2)/(-1) + (-5)/5. Let l be ((-6)/t)/(c/(-15)). Calculate y(l).
-3
Let n(j) = -j - 2. Suppose d = 2*f + 15, -d = -2*d + 4*f + 25. Let c = 1 - d. What is n(c)?
2
Let f(t) be the second derivative of 3/2*t**2 + 0 - 1/12*t**4 - 2*t - 1/3*t**3. Determine f(2).
-5
Let h be ((-12)/10)/((-12)/40). Let c(r) = -r**2 + 2*r + 8. Let v(m) = -2*m**2 + 4*m + 17. Let b(x) = 9*c(x) - 4*v(x). Calculate b(h).
-4
Let d(o) = 13*o - 10*o - 3 + 2 - o + 4*o**2. Give d(1).
5
Let r(y) = -y**3 + 9*y**2 - 2. Let a = 15 + -6. Calculate r(a).
-2
Suppose 0 = -4*m - m + 10. Let v(g) be the third derivative of g**5/60 - g**4/24 - g**3/6 - 10*g**2. Determine v(m).
1
Let z(m) = -m**2 + 12*m + 12. Let c(y) = 9*y + 11 - y**2 + 17*y - 15*y. Let f be 40/(-6) - 6/(-9). Let n(h) = f*z(h) + 7*c(h). Calculate n(5).
5
Let g(p) = -7*p**3 + 2*p**2 + 5*p + 2. Let b(a) = -6*a**3 + a**2 + 5*a + 2. Let r(l) = 5*b(l) - 4*g(l). Calculate r(-3).
14
Let z(g) = g + 4. Let r = 7 - 1. Let k be 4/r - (-28)/3. Let x = k - 14. Give z(x).
0
Let f = 3 + 1. Let y = f + 1. Let q(t) = -11*t - 11. Let w(c) = -5*c - 6. Let m(u) = -6*q(u) + 13*w(u). Give m(y).
-7
Let l(h) = 2*h**2 + 8*h + 5. Let j(i) = -i**2 - i - 1. Let t(s) = 3*j(s) + l(s). Calculate t(6).
-4
Let s be 7/(-14) + (-6)/4. Let d(r) = -5*r - 3. What is d(s)?
7
Let d(r) be the third derivative of -r**4/24 + 3*r**3/2 + 8*r**2. Calculate d(4).
5
Let y(i) = -6*i + 3. L